est common divisor of b and 13?
13
Suppose -4*t + 117 = -87. Let m be -3 + (3 - 1) + t. Calculate the greatest common factor of m and 125.
25
Let r be (-3)/(6*2/(-20)). Let d be (-2)/(-6 - (-2 + -2)). Calculate the highest common factor of d and r.
1
Let l = -13 + 25. Let s be (36/(-8))/(6/(-16)). What is the highest common factor of s and l?
12
Let u(y) = -9*y + 6. Let g be u(-2). Calculate the highest common divisor of 36 and g.
12
Let s = 70 + -33. What is the highest common factor of 111 and s?
37
Suppose 0 = k - 5*k + o + 10, -k + 1 = -o. What is the highest common divisor of 27 and k?
3
Let q(n) be the first derivative of 3*n**2 + 3*n - 1. Let u be q(3). What is the greatest common factor of u and 14?
7
Let b(a) = -5*a**3 - a**2 - 3*a - 2. Let u be b(-2). Calculate the highest common factor of u and 5.
5
Let b = 5 + 82. Calculate the highest common factor of 29 and b.
29
Let u be (-1)/(45/(-6)) - 3416/(-30). Calculate the greatest common divisor of u and 38.
38
Suppose 5*v - 14 = 1. Suppose 144 = u + v*u. What is the highest common divisor of 9 and u?
9
Let o(j) = -16*j + 6. Let v be o(-7). Let y = v + -53. Calculate the highest common divisor of 26 and y.
13
Let w = -23 - -41. What is the highest common divisor of 9 and w?
9
Suppose -118 + 28 = -f. What is the highest common divisor of 36 and f?
18
Let v be (-8)/(-12)*54/1. What is the greatest common divisor of 18 and v?
18
Let f be (3 + 3 + -2)*11. What is the highest common factor of f and 66?
22
Let k(n) = -n**3 - n + 24. Let x be k(0). Let p(f) = 6*f**2 + f + 4. Let s be p(-4). Calculate the greatest common factor of x and s.
24
Suppose 24 + 46 = 4*c - 2*j, -101 = -5*c - 2*j. Let p(z) = 33*z**2 + 1. Let m be p(-2). Calculate the greatest common divisor of m and c.
19
Let s = -1 + 6. Suppose 4*w + s - 29 = 0. Let p be 40/w + (-4)/6. Calculate the highest common factor of p and 66.
6
Suppose 0 = -5*b + b + 8. Suppose b*q + 5*j = -3, -3*q + 2*j + 1 = 4*j. What is the highest common divisor of 1 and q?
1
Let y be (-4 - 18)*5/(-2). Suppose 5*w - y = -4*d, 2*w - 5*w + 72 = 5*d. Calculate the highest common factor of 10 and d.
5
Let h = 85 + 122. What is the highest common factor of 23 and h?
23
Let d(f) = -11*f - 4. Let k be d(-4). Let t(j) = 2*j - 3. Let b be t(4). Calculate the highest common factor of k and b.
5
Suppose 0 = -5*n + 50 - 10. Suppose 76 = 2*z - 5*b, -n*b + 164 = 3*z - 3*b. Calculate the highest common divisor of 32 and z.
16
Let l(g) = -g**2 - 9*g + 12. Let p be l(-9). What is the highest common factor of p and 84?
12
Suppose -4*r = -8*r + 476. Calculate the greatest common factor of 17 and r.
17
Suppose -t = -3*t + 60. Suppose 0 = -0*b + 3*b - t. What is the greatest common divisor of b and 10?
10
Let j = 361 - 209. Suppose 5 = 5*p - 5*s - 0, 4*p + 3*s + 3 = 0. Suppose 3*i + p*i = 57. Calculate the greatest common factor of i and j.
19
Let k be (-111)/(-12) + (-3)/(-4). Let z be 0 + (1 - -2) + -1. Suppose 0 = r - 5*y - 72 + 12, -z*r + y = -102. Calculate the highest common divisor of r and k.
10
Suppose -2*k + 45 = 1. Calculate the greatest common factor of 55 and k.
11
Let d(h) = h**2 - 2*h - 10. Let n be d(7). Let p = -31 + -66. Let y be 24/8 - 1*p. Calculate the highest common factor of n and y.
25
Suppose 4*n = 109 - 17. Let l = n - 3. Suppose -5*q + 185 + 70 = -2*w, 4*w + l = 0. Calculate the greatest common factor of q and 7.
7
Let q be 54/4 - (-1)/2. Let m be (-8)/(-36)*-6*-21. What is the greatest common factor of q and m?
14
Let a(l) = 6*l - 8. Let k(r) = 5*r - 8. Let o(n) = -4*a(n) + 5*k(n). Let g be o(8). Suppose g = 6*b - 5*b - 3. Calculate the greatest common factor of 12 and b.
3
Let q(f) = -2*f + 12. Let u be q(-4). What is the greatest common divisor of 160 and u?
20
Let n = 3 - -2. Suppose -x - v = x - 116, n*x - 290 = -5*v. What is the highest common divisor of 29 and x?
29
Let j(k) = -k**3 - 4*k**2 - 4*k + 5. Let q be j(-5). Let u be -2 - (-2)/(-8)*4. Let x be (u/(-2))/(21/140). What is the greatest common factor of q and x?
10
Let w be 1/10*12*-5. Let r(d) = -d - 1. Let m be r(w). Calculate the highest common factor of 35 and m.
5
Let d = 30 + -19. What is the greatest common factor of 11 and d?
11
Let k(g) = -2*g + 4. Let n be k(-5). Let u(i) = 10*i**2 - 3*i + 6. Let h be u(4). Calculate the greatest common factor of n and h.
14
Suppose 2*n - 36 = y + 8, -3*n + y + 65 = 0. Let f = -142 - -205. Calculate the greatest common factor of n and f.
21
Let n = 171 + -83. Calculate the greatest common factor of 22 and n.
22
Suppose 7*l = l + 324. Calculate the greatest common divisor of l and 6.
6
Suppose -5*m = -n + 40, 2*n + 5*m - 31 = 4. Suppose 25*u = 48*u - 2875. What is the highest common factor of n and u?
25
Suppose -4*n + 14 + 122 = 4*i, 4*n = -i + 46. Suppose -1 = -5*u + 24. Let a be (-1)/(-5) - (-99)/u. What is the greatest common divisor of a and i?
10
Let h = 86 + -47. Let n = h + -21. Calculate the greatest common divisor of 12 and n.
6
Suppose 5*b = 7 - 2. Suppose -4*d + 3 = -3*z - 0, -4*d - b = z. Let m = 12 + d. What is the greatest common factor of m and 84?
12
Let j = 513 + -200. Let c be j/3 - 4/(-6). Suppose -5*b = t - 25, t - 5*b + b = 7. What is the greatest common divisor of t and c?
15
Suppose -5*f + 9 = 5*n - 1, 0 = n + 1. Let s be 3/(f/11) + -1. Suppose u + 2*r = 6*u - s, -6 = -3*u - 5*r. What is the greatest common divisor of 16 and u?
2
Let f(x) = -x**2 - 10*x - 7. Let y be f(-8). What is the greatest common divisor of 6 and y?
3
Let i(a) = -a**2. Let p be i(0). Suppose -3 = m - p*m. Let n be (-11)/((m/(-9))/(-1)). Calculate the greatest common divisor of n and 11.
11
Suppose 1431 + 549 = 5*a. What is the highest common factor of a and 36?
36
Let w be -1*2/(-6)*21. Let u(r) = -2*r - 3. Let o be u(w). Let j be o/(-1)*7 - 2. What is the highest common divisor of 13 and j?
13
Suppose 20 = 2*i - 6. What is the greatest common divisor of i and 104?
13
Suppose 7*k - 4*k = 57. Suppose 17 = -h + 55. Calculate the highest common factor of k and h.
19
Suppose 3*y - 18 = -0*y. Let s be (15/(-2))/(4/(-8)). Calculate the highest common divisor of y and s.
3
Let f = 66 + -39. Let w be (-2)/(-1) + (2 - 1). What is the greatest common divisor of w and f?
3
Let z(k) = 19*k + 32. Let y be z(9). What is the highest common factor of 29 and y?
29
Let u be -2 + 3*(-6)/9. Let w be u/2 - (-2 + 2). Let d be (w - 0)*7/(-2). What is the greatest common divisor of d and 7?
7
Let u(i) = 6*i**2 + i + 2. Let p be u(-1). Calculate the highest common divisor of 119 and p.
7
Suppose 4*v - 96 = -a, -3*a - 2*a + 3*v = -411. Suppose z + 3 + 4 = 0. Let j = 19 + z. What is the highest common divisor of j and a?
12
Let k(o) = -3*o - 1. Let j be k(-1). Suppose 4 = -2*d + 4*b, 3*d + 33 = j*b + 11. Let y be (36/d)/((-3)/90). Calculate the highest common factor of y and 12.
12
Suppose -30*m = -34*m + 68. Calculate the greatest common divisor of m and 17.
17
Suppose -2*s - 149 = -5*v, 3*s = 4*v - 46 - 69. Calculate the greatest common factor of v and 341.
31
Suppose 12*q = 136 + 116. Calculate the highest common divisor of 3 and q.
3
Suppose n - 7 + 1 = 0. Suppose -2240 = 2*q - n*q. Suppose -6*d + 2*d + q = 0. What is the highest common factor of d and 20?
20
Let v(u) = 90*u**3 - 2*u + 2. Let f be v(1). Let y = 8 - -2. What is the greatest common factor of y and f?
10
Let a = 24 + -17. What is the highest common divisor of a and 49?
7
Suppose -3*k = h - 163, -4*k + 2*k + 4*h + 118 = 0. What is the highest common factor of k and 5?
5
Let z = -48 - -72. What is the highest common divisor of z and 108?
12
Let d(a) be the first derivative of a**4/4 - 11*a**3/3 - 7*a**2/2 + 4*a + 2. Let c be d(12). What is the greatest common divisor of 8 and c?
8
Let s(a) = -7*a + 104. Let v be s(11). What is the greatest common factor of 351 and v?
27
Let d be 45 - -4 - (3 + 0)/1. Calculate the highest common divisor of 69 and d.
23
Suppose -5*w + 38 + 122 = 0. Let k = w - 4. Let t be (-2)/(2/4 + -1). Calculate the highest common factor of t and k.
4
Let l(r) = r**2 + 6. Let h be l(7). What is the highest common divisor of h and 550?
55
Let w be ((-3)/(-2))/(33/22). Suppose -a = -w - 49. Calculate the highest common divisor of a and 20.
10
Suppose 0 = 3*s - 4*s + 33. Let q = -15 - -30. Le